(5). What is the highest common factor of u and i?
15
Let n be (-1782)/14 - 2/(-7). Let q = 536 - 265. Let f = q + n. What is the greatest common factor of 18 and f?
18
Suppose 88*x - 111*x + 801 = -2649. Calculate the highest common factor of 540 and x.
30
Suppose -37*d = k - 41*d - 22, -2*d = -4*k + 144. Let x(l) = 16*l**2 + 4*l - 4. Let m be x(3). Calculate the highest common factor of m and k.
38
Suppose -4*f = -14*f + 3740. Suppose -f = -5*v + 66. What is the highest common factor of v and 8?
8
Suppose 104069 = 8*y - y + 32417. Calculate the greatest common factor of y and 24.
12
Let z(n) be the first derivative of n**3 - n**2/2 - 2*n - 5. Let r be z(-2). Suppose -85 = -17*s + 323. Calculate the highest common factor of r and s.
12
Suppose 9*w + 719 = 1857 + 779. What is the highest common divisor of 34293 and w?
213
Suppose 978 = 17*q - 50 - 196. What is the highest common factor of 792 and q?
72
Suppose 33*d - 1278 = 273. Suppose -4*m - d = -u, 2*u + 4*m = 96 - 38. Calculate the highest common factor of 35 and u.
35
Let q = 198 + -108. Suppose 21 = 3*t - b - 5, -2*t - 4*b = -8. Let u be t/(-14)*(-350)/20. Calculate the highest common divisor of u and q.
10
Let o(l) = -3 + 1 + 8*l - 31*l + 3. Let k(q) = -q**3 - 2*q**2 - 4*q - 9. Let f be k(-2). Let y be o(f). What is the highest common divisor of 3 and y?
3
Let q(d) be the first derivative of 6 + 11/2*d**2 + 2*d. Let r be q(8). Calculate the greatest common factor of 10 and r.
10
Let w = 172 + -162. Suppose 25*c + w = 60. Calculate the highest common factor of 14 and c.
2
Suppose -4*f + 916 - 316 = 0. Calculate the highest common factor of f and 16550.
50
Let x = 674 + -191. Let t = 39 - 18. Calculate the highest common factor of t and x.
21
Let y be ((-1914)/(-4))/(161/1932). What is the highest common divisor of 594 and y?
198
Suppose -70*y + 1574 = -130 - 3336. Let b = 5 + 21. Let w = 44 - b. What is the greatest common divisor of y and w?
18
Suppose 4*s - 972 = -4*u, -4*s - u + 3447 = 2478. What is the greatest common divisor of s and 2?
2
Let x be (219 + 1)*(-1)/(-2). Suppose -2*q + 2*f = 168, -3*q - q - 4*f = 376. Let v = q - -99. What is the greatest common factor of x and v?
10
Suppose 139 = n - 3*p - 4309, 5*p = -4*n + 17673. Calculate the greatest common factor of n and 19.
19
Let n = -956 + 966. Let u = -2 - -2. Let c be (u + -3)/(3/(-80)). Calculate the highest common divisor of n and c.
10
Let v(z) = -z**3 + 11*z**2 - 6*z + 3. Let y be v(8). Let c = 161 + -140. What is the greatest common factor of c and y?
21
Let j = 13289 - 13232. Calculate the greatest common factor of j and 4123.
19
Suppose -484 - 388 = 8*j. Let f = j - -239. Calculate the highest common divisor of f and 52.
26
Suppose 0*s - 5*s + 27 = -d, -5*s - 2*d + 21 = 0. Suppose 7*n = -858 + 865. What is the highest common factor of s and n?
1
Suppose -2*c - 2*c + 122 = k, -5*c - 131 = -k. Let s = 12 + -8. Suppose s*m + 4*v - 37 = 31, 0 = 3*m + v - 53. Calculate the highest common factor of k and m.
18
Let j = 1814 + -1437. Calculate the greatest common factor of j and 143.
13
Let y(o) = 4*o + 1521. Let w be y(-39). Calculate the greatest common divisor of 315 and w.
105
Let q(h) = -13*h - 17. Let z be q(9). Let i = z + 304. What is the highest common divisor of i and 10?
10
Let s be (-1587)/(-2645) + (-26064)/(-10). What is the highest common divisor of s and 121?
11
Suppose -262*d - 9 = -265*d, 0 = -5*l - d + 2853. Calculate the greatest common factor of 304 and l.
38
Let u = -12340 + 13834. Calculate the highest common divisor of u and 332.
166
Suppose 3*l - 2*k = 1284, -6*l + 3*l = 2*k - 1296. Calculate the highest common divisor of 10 and l.
10
Suppose 5*s - 5*m - 124 = 436, -2*s + 249 = 3*m. Let g be (-9 + (-5 - -13))/(1/(-13)). What is the greatest common divisor of g and s?
13
Let f = 18 - -48. Let c = 2043 + -1944. What is the highest common factor of f and c?
33
Let f = -495 + 723. Suppose f = 2*d + 66. Calculate the highest common factor of 27 and d.
27
Let a(b) = -4*b - 35. Let y be 24/(-3) - (7 + -5). Let p be a(y). Let o be 19/(((-8)/(-40))/(1/p)). What is the highest common divisor of o and 76?
19
Let i = -2482 - -1480. Let b be 5/(-1) - (-2)/((-12)/i). Calculate the greatest common divisor of 567 and b.
81
Let p be (-4)/42*3 + 200/14. Let d(k) = -k**2 - 21*k - 22. Let m be d(-19). Suppose -m*y = -12*y - 28. What is the greatest common factor of p and y?
7
Suppose 6*d - 1525 = -84 + 71. Calculate the greatest common factor of d and 3402.
126
Suppose 105*b = 104*b. Suppose b = k - 20 - 56. What is the highest common divisor of 57 and k?
19
Suppose -5*p - 26 = -k, -2*p = p + 3. Let y(c) = -965*c - 6671. Let a be y(-7). Calculate the greatest common factor of k and a.
21
Let i(o) = -o**3 + 4*o**2 + 8*o - 88. Let h be i(6). Let z = -36 - h. What is the greatest common divisor of z and 608?
76
Let l be (-4 - 58)*((6 - (-710)/(-20)) + -1). What is the greatest common factor of l and 671?
61
Suppose -5*c - 14 = -74. Let s be ((-32)/c - -2)*-12. Let k(p) = -2*p**2 - 12*p + 30. Let w be k(-7). Calculate the highest common factor of s and w.
8
Let z(s) = -187*s**3 - s**2 - 37*s - 5. Let v be z(-5). Calculate the highest common divisor of 130 and v.
130
Suppose -50*g - 179 + 779 = 0. Calculate the greatest common factor of g and 9276.
12
Let h(b) be the second derivative of -2*b**3 - 5*b**2 + 119*b. Let t be h(-1). Calculate the greatest common divisor of 10 and t.
2
Let y = 2 + 0. Suppose -b + 131 = -53. Let h = b - 166. Calculate the highest common divisor of y and h.
2
Suppose 53 = -3*c - 4. Let i(s) = -s**2 - 21*s - 34. Let u be i(c). Suppose 2 = 2*v, -2*t = -0*v - u*v - 456. What is the highest common divisor of 23 and t?
23
Let l(u) = -44. Let n(t) = -t + 1. Let p(c) = -l(c) + 3*n(c). Let h be p(-6). Let b be (26/6)/((-2)/(-6)). What is the greatest common factor of b and h?
13
Let o = 10737 + -10545. What is the highest common factor of 1984 and o?
64
Let g = -198 - -156. Let v = -127 + 91. Let h = v - g. What is the greatest common factor of h and 42?
6
Let h(u) = -12*u**2 + 181*u + 100. Let i be h(15). Calculate the greatest common factor of i and 65.
5
Let v = 212 - 106. Let r = 218 - v. Calculate the greatest common factor of 7 and r.
7
Let y(q) = q**2 - 12*q + 11. Let k be y(13). Suppose -5*t + 3*c = 4, 0 = 3*c + 1 - 10. Let r be 2/t*(-8 - -24). Calculate the highest common divisor of r and k.
8
Let o = -100 + -185. Let h = 574 + o. What is the highest common divisor of 17 and h?
17
Suppose -16*k = 77*k - 16*k - 48433. Let q = -8 - -25. Calculate the highest common divisor of q and k.
17
Suppose 283 = -x + 6*x + 2*t, x - 3*t - 43 = 0. Suppose -43*w + 47*w + 8 = 0. Let v = w + 24. What is the greatest common factor of x and v?
11
Let l be 24/(-5)*(-1241 + 1236). Let u = 94 + -64. Calculate the highest common divisor of l and u.
6
Suppose 4*s + 3*i - 407 = 400, 3*s - 4*i - 574 = 0. What is the highest common factor of s and 3300?
66
Let n(p) = p**2 - 1. Let h be n(-1). Let o be h - (-6*390)/(-3). Let k be (o/(-14))/3 - 3/(-7). What is the highest common factor of 152 and k?
19
Suppose 5*m + 36 - 126 = 0. Let y = 69 - m. Suppose 2*k = -1 + y. Calculate the greatest common factor of 5 and k.
5
Let k = 85 + -74. Let p = 582 - -119. Suppose 0 = -7*n + 762 + p. Calculate the highest common factor of n and k.
11
Let j = -172 - -590. Suppose 4*h + j = 2*z, -14*h + 11*h + 194 = z. Calculate the greatest common divisor of 29 and z.
29
Let f be ((-36)/147)/(94/(-329))*441. Calculate the highest common divisor of 168 and f.
42
Let m be (-2348)/25 + 112/(-1400). Let i = m - -556. Calculate the greatest common divisor of 132 and i.
66
Let c = 1145 - 711. Suppose c*u + 336 = 436*u. Calculate the greatest common divisor of 224 and u.
56
Let d = -4506 + 4576. Calculate the highest common divisor of d and 448.
14
Let n(s) = 4*s + 33. Let d be n(-4). Suppose 18*w = d*w + 6. Calculate the greatest common factor of w and 26.
2
Suppose -233 - 92 = -5*f. Let x be (718 - 712) + 2*257. What is the highest common divisor of x and f?
65
Let s = -121784 - -185117. What is the greatest common divisor of s and 279?
279
Let s = 669 - 326. Let y be s/28 + (-5)/((-20)/3). Suppose y = -c + 103. Calculate the highest common facto